{"id":198,"date":"2025-02-04T19:56:57","date_gmt":"2025-02-04T19:56:57","guid":{"rendered":"https:\/\/trulynolen.com.ni\/?page_id=198"},"modified":"2025-02-19T22:49:14","modified_gmt":"2025-02-19T22:49:14","slug":"programas-exclusivos-teps","status":"publish","type":"page","link":"https:\/\/trulynolen.com.ni\/index.php\/programas-exclusivos-teps\/","title":{"rendered":"Programas Exclusivos TEPS"},"content":{"rendered":"\t\t<div data-elementor-type=\"wp-page\" data-elementor-id=\"198\" class=\"elementor elementor-198\" data-elementor-post-type=\"page\">\n\t\t\t\t<div class=\"elementor-element elementor-element-e4174a9 e-flex e-con-boxed e-con e-parent\" data-id=\"e4174a9\" data-element_type=\"container\">\n\t\t\t\t\t<div class=\"e-con-inner\">\n\t\t\t\t<div class=\"elementor-element elementor-element-62828e7 elementor-widget elementor-widget-heading\" data-id=\"62828e7\" data-element_type=\"widget\" data-widget_type=\"heading.default\">\n\t\t\t\t<div class=\"elementor-widget-container\">\n\t\t\t\t\t<h2 class=\"elementor-heading-title elementor-size-default\">El <strong data-start=\"3\" data-end=\"43\">Truly Elite Protection System (TEPS)<\/strong> es un programa exclusivo de <strong data-start=\"72\" data-end=\"87\">Truly Nolen<\/strong> dise\u00f1ado para ofrecer soluciones avanzadas y personalizadas en el control de plagas. Este sistema integra tecnolog\u00eda de punta, protocolos cient\u00edficos y un enfoque proactivo para garantizar ambientes seguros y libres de infestaciones.<\/h2>\t\t\t\t<\/div>\n\t\t\t\t<\/div>\n\t\t\t\t\t<\/div>\n\t\t\t\t<\/div>\n\t\t<div class=\"elementor-element elementor-element-646633c e-flex e-con-boxed e-con e-parent\" data-id=\"646633c\" data-element_type=\"container\">\n\t\t\t\t\t<div class=\"e-con-inner\">\n\t\t\t\t<div class=\"elementor-element elementor-element-0327680 elementor-widget elementor-widget-heading\" data-id=\"0327680\" data-element_type=\"widget\" data-widget_type=\"heading.default\">\n\t\t\t\t<div class=\"elementor-widget-container\">\n\t\t\t\t\t<h2 class=\"elementor-heading-title elementor-size-default\">\u00bfQu\u00e9 es el TEPS?<\/h2>\t\t\t\t<\/div>\n\t\t\t\t<\/div>\n\t\t\t\t\t<\/div>\n\t\t\t\t<\/div>\n\t\t<div class=\"elementor-element elementor-element-6eb9a85 e-flex e-con-boxed e-con e-parent\" data-id=\"6eb9a85\" data-element_type=\"container\">\n\t\t\t\t\t<div class=\"e-con-inner\">\n\t\t\t\t<div class=\"elementor-element elementor-element-16c4627 elementor-widget elementor-widget-text-editor\" data-id=\"16c4627\" data-element_type=\"widget\" data-widget_type=\"text-editor.default\">\n\t\t\t\t<div class=\"elementor-widget-container\">\n\t\t\t\t\t\t\t\t\t<p>El TEPS es un sistema que perfecciona y eleva el nivel del control de plagas, permitiendo entregar informes completos de gesti\u00f3n auditables.<\/p>\n<p><span class=\"\" data-state=\"closed\"><\/span> Este programa se adapta a las necesidades espec\u00edficas de cada cliente, asegurando una protecci\u00f3n eficaz y sostenible.<\/p>\t\t\t\t\t\t\t\t<\/div>\n\t\t\t\t<\/div>\n\t\t\t\t<div class=\"elementor-element elementor-element-c5bf7b9 elementor-widget elementor-widget-heading\" data-id=\"c5bf7b9\" data-element_type=\"widget\" data-widget_type=\"heading.default\">\n\t\t\t\t<div class=\"elementor-widget-container\">\n\t\t\t\t\t<h2 class=\"elementor-heading-title elementor-size-default\">Componentes Clave del TEPS<\/h2>\t\t\t\t<\/div>\n\t\t\t\t<\/div>\n\t\t\t\t\t<\/div>\n\t\t\t\t<\/div>\n\t\t<div class=\"elementor-element elementor-element-126909f e-flex e-con-boxed e-con e-parent\" data-id=\"126909f\" data-element_type=\"container\">\n\t\t\t\t\t<div class=\"e-con-inner\">\n\t\t\t\t<div class=\"elementor-element elementor-element-2c44d49 elementor-widget elementor-widget-text-editor\" data-id=\"2c44d49\" data-element_type=\"widget\" data-widget_type=\"text-editor.default\">\n\t\t\t\t<div class=\"elementor-widget-container\">\n\t\t\t\t\t\t\t\t\t<li data-start=\"673\" data-end=\"1044\"><p data-start=\"676\" data-end=\"705\"><strong data-start=\"676\" data-end=\"705\">Evaluaci\u00f3n Personalizada:<\/strong><\/p><ul data-start=\"709\" data-end=\"1044\"><li data-start=\"709\" data-end=\"902\"><strong data-start=\"711\" data-end=\"736\">Inspecci\u00f3n Detallada:<\/strong> Nuestros expertos realizan una evaluaci\u00f3n exhaustiva de las instalaciones para identificar puntos cr\u00edticos y condiciones que puedan favorecer la presencia de plagas.<\/li><li data-start=\"906\" data-end=\"1044\"><strong data-start=\"908\" data-end=\"932\">An\u00e1lisis de Riesgos:<\/strong> Se determinan los factores de riesgo espec\u00edficos y se dise\u00f1an estrategias preventivas adaptadas a cada entorno.<\/li><\/ul><\/li><li data-start=\"1046\" data-end=\"1421\"><p data-start=\"1049\" data-end=\"1073\"><strong data-start=\"1049\" data-end=\"1073\">Tecnolog\u00eda Avanzada:<\/strong><\/p><ul data-start=\"1077\" data-end=\"1421\"><li data-start=\"1077\" data-end=\"1250\"><strong data-start=\"1079\" data-end=\"1102\">Software Exclusivo:<\/strong> Utilizamos herramientas digitales propias que facilitan el monitoreo en tiempo real y la gesti\u00f3n eficiente de las actividades de control de plagas.<\/li><li data-start=\"1254\" data-end=\"1421\"><strong data-start=\"1256\" data-end=\"1280\">Informes Auditables:<\/strong> Generamos reportes detallados y transparentes, cumpliendo con los est\u00e1ndares m\u00e1s exigentes y facilitando las auditor\u00edas internas y externas.<\/li><\/ul><\/li><li data-start=\"1423\" data-end=\"1814\"><p data-start=\"1426\" data-end=\"1453\"><strong data-start=\"1426\" data-end=\"1453\">Protocolos Cient\u00edficos:<\/strong><\/p><ul data-start=\"1457\" data-end=\"1814\"><li data-start=\"1457\" data-end=\"1645\"><strong data-start=\"1459\" data-end=\"1496\">Manejo Integrado de Plagas (MIP):<\/strong> Implementamos t\u00e9cnicas que combinan m\u00e9todos preventivos y correctivos, minimizando el uso de productos qu\u00edmicos y priorizando soluciones ecol\u00f3gicas.<\/li><li data-start=\"1649\" data-end=\"1814\"><strong data-start=\"1651\" data-end=\"1677\">Capacitaci\u00f3n Continua:<\/strong> Ofrecemos formaci\u00f3n constante a nuestro equipo y a los clientes, asegurando la aplicaci\u00f3n de las mejores pr\u00e1cticas en control de plagas.<\/li><\/ul><\/li><li data-start=\"1816\" data-end=\"2191\"><p data-start=\"1819\" data-end=\"1847\"><strong data-start=\"1819\" data-end=\"1847\">Monitoreo y Seguimiento:<\/strong><\/p><ul data-start=\"1851\" data-end=\"2191\"><li data-start=\"1851\" data-end=\"2013\"><strong data-start=\"1853\" data-end=\"1879\">Supervisi\u00f3n Constante:<\/strong> Realizamos visitas peri\u00f3dicas para evaluar la efectividad de las medidas implementadas y ajustar las estrategias seg\u00fan sea necesario.<\/li><li data-start=\"2017\" data-end=\"2191\"><strong data-start=\"2019\" data-end=\"2049\">Comunicaci\u00f3n Transparente:<\/strong> Mantenemos una comunicaci\u00f3n abierta con nuestros clientes, informando sobre el estado de las actividades y cualquier recomendaci\u00f3n adicional.<\/li><\/ul><\/li>\t\t\t\t\t\t\t\t<\/div>\n\t\t\t\t<\/div>\n\t\t\t\t\t<\/div>\n\t\t\t\t<\/div>\n\t\t<div class=\"elementor-element elementor-element-e87d628 e-flex e-con-boxed e-con e-parent\" data-id=\"e87d628\" data-element_type=\"container\">\n\t\t\t\t\t<div class=\"e-con-inner\">\n\t\t\t\t<div class=\"elementor-element elementor-element-023ec8d elementor-widget elementor-widget-heading\" data-id=\"023ec8d\" data-element_type=\"widget\" data-widget_type=\"heading.default\">\n\t\t\t\t<div class=\"elementor-widget-container\">\n\t\t\t\t\t<h2 class=\"elementor-heading-title elementor-size-default\">Beneficios del TEPS<\/h2>\t\t\t\t<\/div>\n\t\t\t\t<\/div>\n\t\t\t\t<div class=\"elementor-element elementor-element-249c7fa elementor-widget elementor-widget-text-editor\" data-id=\"249c7fa\" data-element_type=\"widget\" data-widget_type=\"text-editor.default\">\n\t\t\t\t<div class=\"elementor-widget-container\">\n\t\t\t\t\t\t\t\t\t<li data-start=\"2217\" data-end=\"2372\"><strong data-start=\"2219\" data-end=\"2243\">Eficiencia Mejorada:<\/strong> Al combinar tecnolog\u00eda y experiencia, garantizamos soluciones r\u00e1pidas y efectivas ante cualquier desaf\u00edo relacionado con plagas.<\/li><li data-start=\"2373\" data-end=\"2589\"><strong data-start=\"2375\" data-end=\"2402\">Cumplimiento Normativo:<\/strong> Nuestros procedimientos est\u00e1n alineados con las regulaciones locales e internacionales, asegurando que las instalaciones de nuestros clientes cumplan con todas las normativas aplicables.<\/li><li data-start=\"2590\" data-end=\"2725\"><strong data-start=\"2592\" data-end=\"2610\">Adaptabilidad:<\/strong> El TEPS es flexible y se ajusta a diversos sectores, incluyendo industrias alimentarias, retail, hospitales y m\u00e1s.<\/li><li data-start=\"2726\" data-end=\"2859\"><strong data-start=\"2728\" data-end=\"2757\">Sostenibilidad Ambiental:<\/strong> Priorizamos m\u00e9todos que reducen el impacto ambiental, contribuyendo a la conservaci\u00f3n del ecosistema.<\/li>\t\t\t\t\t\t\t\t<\/div>\n\t\t\t\t<\/div>\n\t\t\t\t\t<\/div>\n\t\t\t\t<\/div>\n\t\t<div class=\"elementor-element elementor-element-c5719f1 e-flex e-con-boxed e-con e-parent\" data-id=\"c5719f1\" data-element_type=\"container\">\n\t\t\t\t\t<div class=\"e-con-inner\">\n\t\t\t\t<div class=\"elementor-element elementor-element-0dc11b0 elementor-widget elementor-widget-heading\" data-id=\"0dc11b0\" data-element_type=\"widget\" data-widget_type=\"heading.default\">\n\t\t\t\t<div class=\"elementor-widget-container\">\n\t\t\t\t\t<h2 class=\"elementor-heading-title elementor-size-default\">Sectores Beneficiados por el TEPS<\/h2>\t\t\t\t<\/div>\n\t\t\t\t<\/div>\n\t\t\t\t\t<\/div>\n\t\t\t\t<\/div>\n\t\t<div class=\"elementor-element elementor-element-1e9dcff e-flex e-con-boxed e-con e-parent\" data-id=\"1e9dcff\" data-element_type=\"container\">\n\t\t\t\t\t<div class=\"e-con-inner\">\n\t\t\t\t<div class=\"elementor-element elementor-element-c095ea4 elementor-widget elementor-widget-text-editor\" data-id=\"c095ea4\" data-element_type=\"widget\" data-widget_type=\"text-editor.default\">\n\t\t\t\t<div class=\"elementor-widget-container\">\n\t\t\t\t\t\t\t\t\t<p data-start=\"2899\" data-end=\"3006\">El TEPS est\u00e1 dise\u00f1ado para adaptarse a una amplia gama de industrias y sectores, entre los que se incluyen:<\/p><ul data-start=\"3008\" data-end=\"3563\"><li data-start=\"3008\" data-end=\"3121\"><strong data-start=\"3010\" data-end=\"3037\">Alimentaci\u00f3n y Bebidas:<\/strong> Garantiza la inocuidad de los productos y el cumplimiento de est\u00e1ndares sanitarios.<\/li><li data-start=\"3122\" data-end=\"3223\"><strong data-start=\"3124\" data-end=\"3151\">Retail y Supermercados:<\/strong> Protege la mercanc\u00eda y asegura un ambiente higi\u00e9nico para los clientes.<\/li><li data-start=\"3224\" data-end=\"3342\"><strong data-start=\"3226\" data-end=\"3249\">Salud y Hospitales:<\/strong> Mantiene entornos est\u00e9riles, fundamentales para la seguridad de pacientes y personal m\u00e9dico.<\/li><li data-start=\"3343\" data-end=\"3452\"><strong data-start=\"3345\" data-end=\"3369\">Hoteler\u00eda y Turismo:<\/strong> Asegura instalaciones libres de plagas, mejorando la experiencia de los hu\u00e9spedes.<\/li><li data-start=\"3453\" data-end=\"3563\"><strong data-start=\"3455\" data-end=\"3483\">Manufactura e Industria:<\/strong> Protege los procesos productivos y mantiene la integridad de las instalaciones.<\/li><\/ul>\t\t\t\t\t\t\t\t<\/div>\n\t\t\t\t<\/div>\n\t\t\t\t<div class=\"elementor-element elementor-element-af1c735 elementor-widget elementor-widget-heading\" data-id=\"af1c735\" data-element_type=\"widget\" data-widget_type=\"heading.default\">\n\t\t\t\t<div class=\"elementor-widget-container\">\n\t\t\t\t\t<h2 class=\"elementor-heading-title elementor-size-default\">Compromiso de Calidad de Truly Nolen<\/h2>\t\t\t\t<\/div>\n\t\t\t\t<\/div>\n\t\t\t\t<div class=\"elementor-element elementor-element-a309b75 elementor-widget elementor-widget-text-editor\" data-id=\"a309b75\" data-element_type=\"widget\" data-widget_type=\"text-editor.default\">\n\t\t\t\t<div class=\"elementor-widget-container\">\n\t\t\t\t\t\t\t\t\t<p data-pm-slice=\"1 1 []\">Si deseas implementar un programa de control de plagas que garantice protecci\u00f3n efectiva y cumplimiento normativo, cont\u00e1ctanos. Nuestro equipo de expertos en TEPS est\u00e1 listo para brindarte la mejor soluci\u00f3n.<\/p>\t\t\t\t\t\t\t\t<\/div>\n\t\t\t\t<\/div>\n\t\t\t\t\t<\/div>\n\t\t\t\t<\/div>\n\t\t\t\t<\/div>\n\t\t","protected":false},"excerpt":{"rendered":"<p>El Truly Elite Protection System (TEPS) es un programa exclusivo de Truly Nolen dise\u00f1ado para ofrecer soluciones avanzadas y personalizadas en el control de plagas. Este sistema integra tecnolog\u00eda de punta, protocolos cient\u00edficos y un enfoque proactivo para garantizar ambientes seguros y libres de infestaciones. \u00bfQu\u00e9 es el TEPS? El TEPS es un sistema que [&hellip;]<\/p>\n","protected":false},"author":1,"featured_media":0,"parent":0,"menu_order":0,"comment_status":"closed","ping_status":"closed","template":"","meta":{"saved_in_kubio":false,"footnotes":""},"class_list":["post-198","page","type-page","status-publish","hentry"],"kubio_ai_page_context":{"short_desc":"","purpose":"general"},"yoast_head":"<!-- This site is optimized with the Yoast SEO plugin v27.5 - https:\/\/yoast.com\/product\/yoast-seo-wordpress\/ -->\n<title>Programas Exclusivos TEPS -<\/title>\n<meta name=\"robots\" content=\"index, follow, max-snippet:-1, max-image-preview:large, max-video-preview:-1\" \/>\n<link rel=\"canonical\" href=\"https:\/\/trulynolen.com.ni\/index.php\/programas-exclusivos-teps\/\" \/>\n<meta property=\"og:locale\" content=\"es_ES\" \/>\n<meta property=\"og:type\" content=\"article\" \/>\n<meta property=\"og:title\" content=\"Programas Exclusivos TEPS -\" \/>\n<meta property=\"og:description\" content=\"El Truly Elite Protection System (TEPS) es un programa exclusivo de Truly Nolen dise\u00f1ado para ofrecer soluciones avanzadas y personalizadas en el control de plagas. Este sistema integra tecnolog\u00eda de punta, protocolos cient\u00edficos y un enfoque proactivo para garantizar ambientes seguros y libres de infestaciones. \u00bfQu\u00e9 es el TEPS? El TEPS es un sistema que [&hellip;]\" \/>\n<meta property=\"og:url\" content=\"https:\/\/trulynolen.com.ni\/index.php\/programas-exclusivos-teps\/\" \/>\n<meta property=\"article:publisher\" content=\"https:\/\/www.facebook.com\/TrulyNolenNIC\" \/>\n<meta property=\"article:modified_time\" content=\"2025-02-19T22:49:14+00:00\" \/>\n<meta property=\"og:image\" content=\"https:\/\/trulynolen.com.ni\/wp-content\/uploads\/2024\/12\/Fondo-de-pantalla-coming-soon.jpg\" \/>\n\t<meta property=\"og:image:width\" content=\"1920\" \/>\n\t<meta property=\"og:image:height\" content=\"1080\" \/>\n\t<meta property=\"og:image:type\" content=\"image\/jpeg\" \/>\n<meta name=\"twitter:card\" content=\"summary_large_image\" \/>\n<meta name=\"twitter:label1\" content=\"Tiempo de lectura\" \/>\n\t<meta name=\"twitter:data1\" content=\"3 minutos\" \/>\n<script type=\"application\/ld+json\" class=\"yoast-schema-graph\">{\"@context\":\"https:\\\/\\\/schema.org\",\"@graph\":[{\"@type\":\"WebPage\",\"@id\":\"https:\\\/\\\/trulynolen.com.ni\\\/index.php\\\/programas-exclusivos-teps\\\/\",\"url\":\"https:\\\/\\\/trulynolen.com.ni\\\/index.php\\\/programas-exclusivos-teps\\\/\",\"name\":\"Programas Exclusivos TEPS -\",\"isPartOf\":{\"@id\":\"https:\\\/\\\/trulynolen.com.ni\\\/#website\"},\"datePublished\":\"2025-02-04T19:56:57+00:00\",\"dateModified\":\"2025-02-19T22:49:14+00:00\",\"breadcrumb\":{\"@id\":\"https:\\\/\\\/trulynolen.com.ni\\\/index.php\\\/programas-exclusivos-teps\\\/#breadcrumb\"},\"inLanguage\":\"es\",\"potentialAction\":[{\"@type\":\"ReadAction\",\"target\":[\"https:\\\/\\\/trulynolen.com.ni\\\/index.php\\\/programas-exclusivos-teps\\\/\"]}]},{\"@type\":\"BreadcrumbList\",\"@id\":\"https:\\\/\\\/trulynolen.com.ni\\\/index.php\\\/programas-exclusivos-teps\\\/#breadcrumb\",\"itemListElement\":[{\"@type\":\"ListItem\",\"position\":1,\"name\":\"Portada\",\"item\":\"https:\\\/\\\/trulynolen.com.ni\\\/\"},{\"@type\":\"ListItem\",\"position\":2,\"name\":\"Programas Exclusivos TEPS\"}]},{\"@type\":\"WebSite\",\"@id\":\"https:\\\/\\\/trulynolen.com.ni\\\/#website\",\"url\":\"https:\\\/\\\/trulynolen.com.ni\\\/\",\"name\":\"Truly Nolen Nicaragua\",\"description\":\"\",\"publisher\":{\"@id\":\"https:\\\/\\\/trulynolen.com.ni\\\/#organization\"},\"potentialAction\":[{\"@type\":\"SearchAction\",\"target\":{\"@type\":\"EntryPoint\",\"urlTemplate\":\"https:\\\/\\\/trulynolen.com.ni\\\/?s={search_term_string}\"},\"query-input\":{\"@type\":\"PropertyValueSpecification\",\"valueRequired\":true,\"valueName\":\"search_term_string\"}}],\"inLanguage\":\"es\"},{\"@type\":\"Organization\",\"@id\":\"https:\\\/\\\/trulynolen.com.ni\\\/#organization\",\"name\":\"Truly Nolen Nicaragua\",\"url\":\"https:\\\/\\\/trulynolen.com.ni\\\/\",\"logo\":{\"@type\":\"ImageObject\",\"inLanguage\":\"es\",\"@id\":\"https:\\\/\\\/trulynolen.com.ni\\\/#\\\/schema\\\/logo\\\/image\\\/\",\"url\":\"https:\\\/\\\/trulynolen.com.ni\\\/wp-content\\\/uploads\\\/2024\\\/12\\\/Untitled-design.jpg\",\"contentUrl\":\"https:\\\/\\\/trulynolen.com.ni\\\/wp-content\\\/uploads\\\/2024\\\/12\\\/Untitled-design.jpg\",\"width\":696,\"height\":696,\"caption\":\"Truly Nolen Nicaragua\"},\"image\":{\"@id\":\"https:\\\/\\\/trulynolen.com.ni\\\/#\\\/schema\\\/logo\\\/image\\\/\"},\"sameAs\":[\"https:\\\/\\\/www.facebook.com\\\/TrulyNolenNIC\"]}]}<\/script>\n<!-- \/ Yoast SEO plugin. -->","yoast_head_json":{"title":"Programas Exclusivos TEPS -","robots":{"index":"index","follow":"follow","max-snippet":"max-snippet:-1","max-image-preview":"max-image-preview:large","max-video-preview":"max-video-preview:-1"},"canonical":"https:\/\/trulynolen.com.ni\/index.php\/programas-exclusivos-teps\/","og_locale":"es_ES","og_type":"article","og_title":"Programas Exclusivos TEPS -","og_description":"El Truly Elite Protection System (TEPS) es un programa exclusivo de Truly Nolen dise\u00f1ado para ofrecer soluciones avanzadas y personalizadas en el control de plagas. Este sistema integra tecnolog\u00eda de punta, protocolos cient\u00edficos y un enfoque proactivo para garantizar ambientes seguros y libres de infestaciones. \u00bfQu\u00e9 es el TEPS? El TEPS es un sistema que [&hellip;]","og_url":"https:\/\/trulynolen.com.ni\/index.php\/programas-exclusivos-teps\/","article_publisher":"https:\/\/www.facebook.com\/TrulyNolenNIC","article_modified_time":"2025-02-19T22:49:14+00:00","og_image":[{"width":1920,"height":1080,"url":"https:\/\/trulynolen.com.ni\/wp-content\/uploads\/2024\/12\/Fondo-de-pantalla-coming-soon.jpg","type":"image\/jpeg"}],"twitter_card":"summary_large_image","twitter_misc":{"Tiempo de lectura":"3 minutos"},"schema":{"@context":"https:\/\/schema.org","@graph":[{"@type":"WebPage","@id":"https:\/\/trulynolen.com.ni\/index.php\/programas-exclusivos-teps\/","url":"https:\/\/trulynolen.com.ni\/index.php\/programas-exclusivos-teps\/","name":"Programas Exclusivos TEPS -","isPartOf":{"@id":"https:\/\/trulynolen.com.ni\/#website"},"datePublished":"2025-02-04T19:56:57+00:00","dateModified":"2025-02-19T22:49:14+00:00","breadcrumb":{"@id":"https:\/\/trulynolen.com.ni\/index.php\/programas-exclusivos-teps\/#breadcrumb"},"inLanguage":"es","potentialAction":[{"@type":"ReadAction","target":["https:\/\/trulynolen.com.ni\/index.php\/programas-exclusivos-teps\/"]}]},{"@type":"BreadcrumbList","@id":"https:\/\/trulynolen.com.ni\/index.php\/programas-exclusivos-teps\/#breadcrumb","itemListElement":[{"@type":"ListItem","position":1,"name":"Portada","item":"https:\/\/trulynolen.com.ni\/"},{"@type":"ListItem","position":2,"name":"Programas Exclusivos TEPS"}]},{"@type":"WebSite","@id":"https:\/\/trulynolen.com.ni\/#website","url":"https:\/\/trulynolen.com.ni\/","name":"Truly Nolen Nicaragua","description":"","publisher":{"@id":"https:\/\/trulynolen.com.ni\/#organization"},"potentialAction":[{"@type":"SearchAction","target":{"@type":"EntryPoint","urlTemplate":"https:\/\/trulynolen.com.ni\/?s={search_term_string}"},"query-input":{"@type":"PropertyValueSpecification","valueRequired":true,"valueName":"search_term_string"}}],"inLanguage":"es"},{"@type":"Organization","@id":"https:\/\/trulynolen.com.ni\/#organization","name":"Truly Nolen Nicaragua","url":"https:\/\/trulynolen.com.ni\/","logo":{"@type":"ImageObject","inLanguage":"es","@id":"https:\/\/trulynolen.com.ni\/#\/schema\/logo\/image\/","url":"https:\/\/trulynolen.com.ni\/wp-content\/uploads\/2024\/12\/Untitled-design.jpg","contentUrl":"https:\/\/trulynolen.com.ni\/wp-content\/uploads\/2024\/12\/Untitled-design.jpg","width":696,"height":696,"caption":"Truly Nolen Nicaragua"},"image":{"@id":"https:\/\/trulynolen.com.ni\/#\/schema\/logo\/image\/"},"sameAs":["https:\/\/www.facebook.com\/TrulyNolenNIC"]}]}},"_links":{"self":[{"href":"https:\/\/trulynolen.com.ni\/index.php\/wp-json\/wp\/v2\/pages\/198","targetHints":{"allow":["GET"]}}],"collection":[{"href":"https:\/\/trulynolen.com.ni\/index.php\/wp-json\/wp\/v2\/pages"}],"about":[{"href":"https:\/\/trulynolen.com.ni\/index.php\/wp-json\/wp\/v2\/types\/page"}],"author":[{"embeddable":true,"href":"https:\/\/trulynolen.com.ni\/index.php\/wp-json\/wp\/v2\/users\/1"}],"replies":[{"embeddable":true,"href":"https:\/\/trulynolen.com.ni\/index.php\/wp-json\/wp\/v2\/comments?post=198"}],"version-history":[{"count":6,"href":"https:\/\/trulynolen.com.ni\/index.php\/wp-json\/wp\/v2\/pages\/198\/revisions"}],"predecessor-version":[{"id":528,"href":"https:\/\/trulynolen.com.ni\/index.php\/wp-json\/wp\/v2\/pages\/198\/revisions\/528"}],"wp:attachment":[{"href":"https:\/\/trulynolen.com.ni\/index.php\/wp-json\/wp\/v2\/media?parent=198"}],"curies":[{"name":"wp","href":"https:\/\/api.w.org\/{rel}","templated":true}]}}