{"id":181,"date":"2025-02-04T19:29:51","date_gmt":"2025-02-04T19:29:51","guid":{"rendered":"https:\/\/trulynolen.com.ni\/?page_id=181"},"modified":"2025-02-19T21:12:23","modified_gmt":"2025-02-19T21:12:23","slug":"supermercados-y-distribuidoras","status":"publish","type":"page","link":"https:\/\/trulynolen.com.ni\/index.php\/supermercados-y-distribuidoras\/","title":{"rendered":"Supermercados y Distribuidoras"},"content":{"rendered":"\t\t<div data-elementor-type=\"wp-page\" data-elementor-id=\"181\" class=\"elementor elementor-181\" data-elementor-post-type=\"page\">\n\t\t\t\t<div class=\"elementor-element elementor-element-d4105bd e-flex e-con-boxed e-con e-parent\" data-id=\"d4105bd\" data-element_type=\"container\">\n\t\t\t\t\t<div class=\"e-con-inner\">\n\t\t\t\t<div class=\"elementor-element elementor-element-3f86c63 elementor-widget elementor-widget-heading\" data-id=\"3f86c63\" data-element_type=\"widget\" data-widget_type=\"heading.default\">\n\t\t\t\t<div class=\"elementor-widget-container\">\n\t\t\t\t\t<h2 class=\"elementor-heading-title elementor-size-default\"><h2 data-pm-slice=\"1 1 []\">Importancia del Control de Plagas en Supermercados y Centros de Distribuci\u00f3n<span style=\"font-family: var( --e-global-typography-primary-font-family ), Sans-serif;font-size: 2rem;font-weight: var( --e-global-typography-primary-font-weight );text-align: var(--text-align)\"><\/span><\/h2><\/h2>\t\t\t\t<\/div>\n\t\t\t\t<\/div>\n\t\t\t\t<div class=\"elementor-element elementor-element-821b36c elementor-widget elementor-widget-text-editor\" data-id=\"821b36c\" data-element_type=\"widget\" data-widget_type=\"text-editor.default\">\n\t\t\t\t<div class=\"elementor-widget-container\">\n\t\t\t\t\t\t\t\t\t<p data-pm-slice=\"1 1 []\">Los supermercados y centros de distribuci\u00f3n manejan grandes vol\u00famenes de productos, lo que los convierte en entornos altamente susceptibles a infestaciones de plagas. Un control inadecuado puede generar:<\/p><p><h2><\/h2><\/p><ul data-spread=\"false\"><li><p><span><strong>Riesgos sanitarios:<\/strong><\/span><span> Las plagas pueden contaminar productos y \u00e1reas de almacenamiento, afectando la seguridad alimentaria.<\/span><\/p><\/li><li><p><span><strong>Da\u00f1o a la reputaci\u00f3n:<\/strong><\/span><span> La presencia de plagas puede afectar la confianza de los clientes y la imagen del negocio.<\/span><\/p><\/li><li><p><span><strong>P\u00e9rdidas econ\u00f3micas:<\/strong><\/span><span> Infestaciones pueden provocar la destrucci\u00f3n de productos y sanciones por incumplimiento de normativas sanitarias.<\/span><\/p><\/li><li><p><span><strong>Interrupciones operativas:<\/strong><\/span><span> Cierres temporales por infestaciones pueden afectar la continuidad del negocio.<\/span><\/p><\/li><\/ul>\t\t\t\t\t\t\t\t<\/div>\n\t\t\t\t<\/div>\n\t\t\t\t<div class=\"elementor-element elementor-element-02eb384 elementor-widget elementor-widget-heading\" data-id=\"02eb384\" data-element_type=\"widget\" data-widget_type=\"heading.default\">\n\t\t\t\t<div class=\"elementor-widget-container\">\n\t\t\t\t\t<h2 class=\"elementor-heading-title elementor-size-default\"><h2 data-pm-slice=\"1 1 []\">Soluciones Personalizadas de Truly Nolen<span style=\"font-family: var( --e-global-typography-primary-font-family ), Sans-serif;font-size: 2rem;font-weight: var( --e-global-typography-primary-font-weight );text-align: var(--text-align)\"><\/span><\/h2><\/h2>\t\t\t\t<\/div>\n\t\t\t\t<\/div>\n\t\t\t\t<div class=\"elementor-element elementor-element-14c38d7 elementor-widget elementor-widget-text-editor\" data-id=\"14c38d7\" data-element_type=\"widget\" data-widget_type=\"text-editor.default\">\n\t\t\t\t<div class=\"elementor-widget-container\">\n\t\t\t\t\t\t\t\t\t<p data-pm-slice=\"1 3 []\">En Truly Nolen dise\u00f1amos planes espec\u00edficos para supermercados y centros de distribuci\u00f3n, garantizando un entorno libre de plagas mediante:<\/p><ul data-spread=\"false\"><li><p><strong>Inspecci\u00f3n exhaustiva:<\/strong> Identificaci\u00f3n de puntos cr\u00edticos y evaluaci\u00f3n de riesgos de infestaci\u00f3n.<\/p><\/li><li><p><strong>Tratamientos efectivos y seguros:<\/strong> Aplicaci\u00f3n de productos certificados que no comprometen la seguridad de los alimentos.<\/p><\/li><li><p><strong>Prevenci\u00f3n y monitoreo constante:<\/strong> Implementamos estrategias de manejo integrado de plagas (MIP) para un control sostenible.<\/p><\/li><li><p><strong>Cumplimiento normativo:<\/strong> Garantizamos que nuestros servicios cumplen con regulaciones locales e internacionales en seguridad alimentaria.<\/p><\/li><\/ul>\t\t\t\t\t\t\t\t<\/div>\n\t\t\t\t<\/div>\n\t\t\t\t<div class=\"elementor-element elementor-element-c4e9d99 elementor-widget elementor-widget-heading\" data-id=\"c4e9d99\" data-element_type=\"widget\" data-widget_type=\"heading.default\">\n\t\t\t\t<div class=\"elementor-widget-container\">\n\t\t\t\t\t<h2 class=\"elementor-heading-title elementor-size-default\"><h2 data-pm-slice=\"1 1 []\">\u00bfPor Qu\u00e9 Elegir Truly Nolen?<span style=\"font-family: var( --e-global-typography-primary-font-family ), Sans-serif;font-size: 2rem;font-weight: var( --e-global-typography-primary-font-weight );text-align: var(--text-align)\"><\/span><\/h2><\/h2>\t\t\t\t<\/div>\n\t\t\t\t<\/div>\n\t\t\t\t<div class=\"elementor-element elementor-element-5dc221a elementor-widget elementor-widget-text-editor\" data-id=\"5dc221a\" data-element_type=\"widget\" data-widget_type=\"text-editor.default\">\n\t\t\t\t<div class=\"elementor-widget-container\">\n\t\t\t\t\t\t\t\t\t<ul data-spread=\"false\" data-pm-slice=\"3 3 []\"><li><p><strong>Experiencia en la industria:<\/strong> Trabajamos con supermercados y distribuidores para brindar soluciones adaptadas a sus necesidades.<\/p><\/li><li><p><strong>T\u00e9cnicos altamente capacitados:<\/strong> Nuestro equipo est\u00e1 entrenado en control de plagas en entornos de almacenamiento y venta de alimentos.<\/p><\/li><li><p><strong>Tecnolog\u00eda de vanguardia:<\/strong> Implementamos m\u00e9todos innovadores para una mayor efectividad y seguridad.<\/p><\/li><li><p><strong>Programas de prevenci\u00f3n personalizados:<\/strong> Dise\u00f1amos estrategias a medida para evitar infestaciones a largo plazo.<\/p><\/li><\/ul>\t\t\t\t\t\t\t\t<\/div>\n\t\t\t\t<\/div>\n\t\t\t\t<div class=\"elementor-element elementor-element-96c4337 elementor-widget elementor-widget-heading\" data-id=\"96c4337\" data-element_type=\"widget\" data-widget_type=\"heading.default\">\n\t\t\t\t<div class=\"elementor-widget-container\">\n\t\t\t\t\t<h2 class=\"elementor-heading-title elementor-size-default\"><h2 data-pm-slice=\"1 1 []\">Compromiso con la Calidad y el Medio Ambiente<span style=\"font-family: var( --e-global-typography-primary-font-family ), Sans-serif;font-size: 2rem;font-weight: var( --e-global-typography-primary-font-weight );text-align: var(--text-align)\"><\/span><\/h2><\/h2>\t\t\t\t<\/div>\n\t\t\t\t<\/div>\n\t\t\t\t<div class=\"elementor-element elementor-element-aadbf02 elementor-widget elementor-widget-text-editor\" data-id=\"aadbf02\" data-element_type=\"widget\" data-widget_type=\"text-editor.default\">\n\t\t\t\t<div class=\"elementor-widget-container\">\n\t\t\t\t\t\t\t\t\t<p data-pm-slice=\"1 1 []\">Truly Nolen est\u00e1 certificada bajo la norma <strong>ISO 9001:2015<\/strong>, asegurando calidad y cumplimiento en cada servicio. Nuestro enfoque prioriza la sostenibilidad y la protecci\u00f3n del medio ambiente en todas nuestras operaciones.<\/p>\t\t\t\t\t\t\t\t<\/div>\n\t\t\t\t<\/div>\n\t\t\t\t<div class=\"elementor-element elementor-element-3e03001 elementor-widget elementor-widget-heading\" data-id=\"3e03001\" data-element_type=\"widget\" data-widget_type=\"heading.default\">\n\t\t\t\t<div class=\"elementor-widget-container\">\n\t\t\t\t\t<h2 class=\"elementor-heading-title elementor-size-default\"><h2 data-pm-slice=\"1 1 []\">Cont\u00e1ctanos<span style=\"font-family: var( --e-global-typography-primary-font-family ), Sans-serif;font-size: 2rem;font-weight: var( --e-global-typography-primary-font-weight );text-align: var(--text-align)\"><\/span><\/h2><\/h2>\t\t\t\t<\/div>\n\t\t\t\t<\/div>\n\t\t\t\t\t<\/div>\n\t\t\t\t<\/div>\n\t\t<div class=\"elementor-element elementor-element-c7ef39b e-flex e-con-boxed e-con e-parent\" data-id=\"c7ef39b\" data-element_type=\"container\">\n\t\t\t\t\t<div class=\"e-con-inner\">\n\t\t\t\t<div class=\"elementor-element elementor-element-9b5206e elementor-widget elementor-widget-text-editor\" data-id=\"9b5206e\" data-element_type=\"widget\" data-widget_type=\"text-editor.default\">\n\t\t\t\t<div class=\"elementor-widget-container\">\n\t\t\t\t\t\t\t\t\t<p data-pm-slice=\"1 1 []\">Si deseas proteger tu supermercado o centro de distribuci\u00f3n contra las plagas y garantizar la seguridad de tus productos, comun\u00edcate con nosotros. Contamos con soluciones efectivas y adaptadas a tu negocio.<\/p>\t\t\t\t\t\t\t\t<\/div>\n\t\t\t\t<\/div>\n\t\t\t\t\t<\/div>\n\t\t\t\t<\/div>\n\t\t\t\t<\/div>\n\t\t","protected":false},"excerpt":{"rendered":"<p>Importancia del Control de Plagas en Supermercados y Centros de Distribuci\u00f3n Los supermercados y centros de distribuci\u00f3n manejan grandes vol\u00famenes de productos, lo que los convierte en entornos altamente susceptibles a infestaciones de plagas. Un control inadecuado puede generar: Riesgos sanitarios: Las plagas pueden contaminar productos y \u00e1reas de almacenamiento, afectando la seguridad alimentaria. Da\u00f1o [&hellip;]<\/p>\n","protected":false},"author":1,"featured_media":0,"parent":0,"menu_order":0,"comment_status":"closed","ping_status":"closed","template":"","meta":{"saved_in_kubio":false,"footnotes":""},"class_list":["post-181","page","type-page","status-publish","hentry"],"kubio_ai_page_context":{"short_desc":"","purpose":"general"},"yoast_head":"<!-- This site is optimized with the Yoast SEO plugin v27.5 - https:\/\/yoast.com\/product\/yoast-seo-wordpress\/ -->\n<title>Supermercados y Distribuidoras -<\/title>\n<meta name=\"robots\" content=\"index, follow, max-snippet:-1, max-image-preview:large, max-video-preview:-1\" \/>\n<link rel=\"canonical\" href=\"https:\/\/trulynolen.com.ni\/index.php\/supermercados-y-distribuidoras\/\" \/>\n<meta property=\"og:locale\" content=\"es_ES\" \/>\n<meta property=\"og:type\" content=\"article\" \/>\n<meta property=\"og:title\" content=\"Supermercados y Distribuidoras -\" \/>\n<meta property=\"og:description\" content=\"Importancia del Control de Plagas en Supermercados y Centros de Distribuci\u00f3n Los supermercados y centros de distribuci\u00f3n manejan grandes vol\u00famenes de productos, lo que los convierte en entornos altamente susceptibles a infestaciones de plagas. Un control inadecuado puede generar: Riesgos sanitarios: Las plagas pueden contaminar productos y \u00e1reas de almacenamiento, afectando la seguridad alimentaria. Da\u00f1o [&hellip;]\" \/>\n<meta property=\"og:url\" content=\"https:\/\/trulynolen.com.ni\/index.php\/supermercados-y-distribuidoras\/\" \/>\n<meta property=\"article:publisher\" content=\"https:\/\/www.facebook.com\/TrulyNolenNIC\" \/>\n<meta property=\"article:modified_time\" content=\"2025-02-19T21:12:23+00:00\" \/>\n<meta property=\"og:image\" content=\"https:\/\/trulynolen.com.ni\/wp-content\/uploads\/2024\/12\/Fondo-de-pantalla-coming-soon.jpg\" \/>\n\t<meta property=\"og:image:width\" content=\"1920\" \/>\n\t<meta property=\"og:image:height\" content=\"1080\" \/>\n\t<meta property=\"og:image:type\" content=\"image\/jpeg\" \/>\n<meta name=\"twitter:card\" content=\"summary_large_image\" \/>\n<meta name=\"twitter:label1\" content=\"Tiempo de lectura\" \/>\n\t<meta name=\"twitter:data1\" content=\"2 minutos\" \/>\n<script type=\"application\/ld+json\" class=\"yoast-schema-graph\">{\"@context\":\"https:\\\/\\\/schema.org\",\"@graph\":[{\"@type\":\"WebPage\",\"@id\":\"https:\\\/\\\/trulynolen.com.ni\\\/index.php\\\/supermercados-y-distribuidoras\\\/\",\"url\":\"https:\\\/\\\/trulynolen.com.ni\\\/index.php\\\/supermercados-y-distribuidoras\\\/\",\"name\":\"Supermercados y Distribuidoras -\",\"isPartOf\":{\"@id\":\"https:\\\/\\\/trulynolen.com.ni\\\/#website\"},\"datePublished\":\"2025-02-04T19:29:51+00:00\",\"dateModified\":\"2025-02-19T21:12:23+00:00\",\"breadcrumb\":{\"@id\":\"https:\\\/\\\/trulynolen.com.ni\\\/index.php\\\/supermercados-y-distribuidoras\\\/#breadcrumb\"},\"inLanguage\":\"es\",\"potentialAction\":[{\"@type\":\"ReadAction\",\"target\":[\"https:\\\/\\\/trulynolen.com.ni\\\/index.php\\\/supermercados-y-distribuidoras\\\/\"]}]},{\"@type\":\"BreadcrumbList\",\"@id\":\"https:\\\/\\\/trulynolen.com.ni\\\/index.php\\\/supermercados-y-distribuidoras\\\/#breadcrumb\",\"itemListElement\":[{\"@type\":\"ListItem\",\"position\":1,\"name\":\"Portada\",\"item\":\"https:\\\/\\\/trulynolen.com.ni\\\/\"},{\"@type\":\"ListItem\",\"position\":2,\"name\":\"Supermercados y Distribuidoras\"}]},{\"@type\":\"WebSite\",\"@id\":\"https:\\\/\\\/trulynolen.com.ni\\\/#website\",\"url\":\"https:\\\/\\\/trulynolen.com.ni\\\/\",\"name\":\"Truly Nolen Nicaragua\",\"description\":\"\",\"publisher\":{\"@id\":\"https:\\\/\\\/trulynolen.com.ni\\\/#organization\"},\"potentialAction\":[{\"@type\":\"SearchAction\",\"target\":{\"@type\":\"EntryPoint\",\"urlTemplate\":\"https:\\\/\\\/trulynolen.com.ni\\\/?s={search_term_string}\"},\"query-input\":{\"@type\":\"PropertyValueSpecification\",\"valueRequired\":true,\"valueName\":\"search_term_string\"}}],\"inLanguage\":\"es\"},{\"@type\":\"Organization\",\"@id\":\"https:\\\/\\\/trulynolen.com.ni\\\/#organization\",\"name\":\"Truly Nolen Nicaragua\",\"url\":\"https:\\\/\\\/trulynolen.com.ni\\\/\",\"logo\":{\"@type\":\"ImageObject\",\"inLanguage\":\"es\",\"@id\":\"https:\\\/\\\/trulynolen.com.ni\\\/#\\\/schema\\\/logo\\\/image\\\/\",\"url\":\"https:\\\/\\\/trulynolen.com.ni\\\/wp-content\\\/uploads\\\/2024\\\/12\\\/Untitled-design.jpg\",\"contentUrl\":\"https:\\\/\\\/trulynolen.com.ni\\\/wp-content\\\/uploads\\\/2024\\\/12\\\/Untitled-design.jpg\",\"width\":696,\"height\":696,\"caption\":\"Truly Nolen Nicaragua\"},\"image\":{\"@id\":\"https:\\\/\\\/trulynolen.com.ni\\\/#\\\/schema\\\/logo\\\/image\\\/\"},\"sameAs\":[\"https:\\\/\\\/www.facebook.com\\\/TrulyNolenNIC\"]}]}<\/script>\n<!-- \/ Yoast SEO plugin. -->","yoast_head_json":{"title":"Supermercados y Distribuidoras -","robots":{"index":"index","follow":"follow","max-snippet":"max-snippet:-1","max-image-preview":"max-image-preview:large","max-video-preview":"max-video-preview:-1"},"canonical":"https:\/\/trulynolen.com.ni\/index.php\/supermercados-y-distribuidoras\/","og_locale":"es_ES","og_type":"article","og_title":"Supermercados y Distribuidoras -","og_description":"Importancia del Control de Plagas en Supermercados y Centros de Distribuci\u00f3n Los supermercados y centros de distribuci\u00f3n manejan grandes vol\u00famenes de productos, lo que los convierte en entornos altamente susceptibles a infestaciones de plagas. Un control inadecuado puede generar: Riesgos sanitarios: Las plagas pueden contaminar productos y \u00e1reas de almacenamiento, afectando la seguridad alimentaria. Da\u00f1o [&hellip;]","og_url":"https:\/\/trulynolen.com.ni\/index.php\/supermercados-y-distribuidoras\/","article_publisher":"https:\/\/www.facebook.com\/TrulyNolenNIC","article_modified_time":"2025-02-19T21:12:23+00:00","og_image":[{"width":1920,"height":1080,"url":"https:\/\/trulynolen.com.ni\/wp-content\/uploads\/2024\/12\/Fondo-de-pantalla-coming-soon.jpg","type":"image\/jpeg"}],"twitter_card":"summary_large_image","twitter_misc":{"Tiempo de lectura":"2 minutos"},"schema":{"@context":"https:\/\/schema.org","@graph":[{"@type":"WebPage","@id":"https:\/\/trulynolen.com.ni\/index.php\/supermercados-y-distribuidoras\/","url":"https:\/\/trulynolen.com.ni\/index.php\/supermercados-y-distribuidoras\/","name":"Supermercados y Distribuidoras -","isPartOf":{"@id":"https:\/\/trulynolen.com.ni\/#website"},"datePublished":"2025-02-04T19:29:51+00:00","dateModified":"2025-02-19T21:12:23+00:00","breadcrumb":{"@id":"https:\/\/trulynolen.com.ni\/index.php\/supermercados-y-distribuidoras\/#breadcrumb"},"inLanguage":"es","potentialAction":[{"@type":"ReadAction","target":["https:\/\/trulynolen.com.ni\/index.php\/supermercados-y-distribuidoras\/"]}]},{"@type":"BreadcrumbList","@id":"https:\/\/trulynolen.com.ni\/index.php\/supermercados-y-distribuidoras\/#breadcrumb","itemListElement":[{"@type":"ListItem","position":1,"name":"Portada","item":"https:\/\/trulynolen.com.ni\/"},{"@type":"ListItem","position":2,"name":"Supermercados y Distribuidoras"}]},{"@type":"WebSite","@id":"https:\/\/trulynolen.com.ni\/#website","url":"https:\/\/trulynolen.com.ni\/","name":"Truly Nolen Nicaragua","description":"","publisher":{"@id":"https:\/\/trulynolen.com.ni\/#organization"},"potentialAction":[{"@type":"SearchAction","target":{"@type":"EntryPoint","urlTemplate":"https:\/\/trulynolen.com.ni\/?s={search_term_string}"},"query-input":{"@type":"PropertyValueSpecification","valueRequired":true,"valueName":"search_term_string"}}],"inLanguage":"es"},{"@type":"Organization","@id":"https:\/\/trulynolen.com.ni\/#organization","name":"Truly Nolen Nicaragua","url":"https:\/\/trulynolen.com.ni\/","logo":{"@type":"ImageObject","inLanguage":"es","@id":"https:\/\/trulynolen.com.ni\/#\/schema\/logo\/image\/","url":"https:\/\/trulynolen.com.ni\/wp-content\/uploads\/2024\/12\/Untitled-design.jpg","contentUrl":"https:\/\/trulynolen.com.ni\/wp-content\/uploads\/2024\/12\/Untitled-design.jpg","width":696,"height":696,"caption":"Truly Nolen Nicaragua"},"image":{"@id":"https:\/\/trulynolen.com.ni\/#\/schema\/logo\/image\/"},"sameAs":["https:\/\/www.facebook.com\/TrulyNolenNIC"]}]}},"_links":{"self":[{"href":"https:\/\/trulynolen.com.ni\/index.php\/wp-json\/wp\/v2\/pages\/181","targetHints":{"allow":["GET"]}}],"collection":[{"href":"https:\/\/trulynolen.com.ni\/index.php\/wp-json\/wp\/v2\/pages"}],"about":[{"href":"https:\/\/trulynolen.com.ni\/index.php\/wp-json\/wp\/v2\/types\/page"}],"author":[{"embeddable":true,"href":"https:\/\/trulynolen.com.ni\/index.php\/wp-json\/wp\/v2\/users\/1"}],"replies":[{"embeddable":true,"href":"https:\/\/trulynolen.com.ni\/index.php\/wp-json\/wp\/v2\/comments?post=181"}],"version-history":[{"count":4,"href":"https:\/\/trulynolen.com.ni\/index.php\/wp-json\/wp\/v2\/pages\/181\/revisions"}],"predecessor-version":[{"id":504,"href":"https:\/\/trulynolen.com.ni\/index.php\/wp-json\/wp\/v2\/pages\/181\/revisions\/504"}],"wp:attachment":[{"href":"https:\/\/trulynolen.com.ni\/index.php\/wp-json\/wp\/v2\/media?parent=181"}],"curies":[{"name":"wp","href":"https:\/\/api.w.org\/{rel}","templated":true}]}}